{"id":447,"date":"2021-04-12T17:32:12","date_gmt":"2021-04-12T15:32:12","guid":{"rendered":"https:\/\/colombes-orgue.org\/?page_id=447"},"modified":"2022-06-17T16:16:41","modified_gmt":"2022-06-17T14:16:41","slug":"etat-des-lieux","status":"publish","type":"page","link":"https:\/\/colombes-orgue.org\/?page_id=447","title":{"rendered":"L&rsquo;ETAT DES LIEUX"},"content":{"rendered":"\n<div class=\"wp-block-media-text alignwide is-stacked-on-mobile has-primary-color has-subtle-background-background-color has-text-color has-background\"><figure class=\"wp-block-media-text__media\"><video controls src=\"https:\/\/colombes-orgue.org\/wp-content\/uploads\/2022\/06\/ORGUEV5_low.mp4\"><\/video><\/figure><div class=\"wp-block-media-text__content\">\n<p class=\"has-text-align-center has-large-font-size\">D\u00e9couvrez en quelques minutes <\/p>\n\n\n\n<p class=\"has-text-align-center has-large-font-size\">l&rsquo;orgue de l&rsquo;\u00e9glise <\/p>\n\n\n\n<p class=\"has-text-align-center has-large-font-size\">SAINT-PIERRE SAINT-PAUL<\/p>\n\n\n\n<p class=\"has-text-align-center\">Un bel orgue \u00e0 l&rsquo;agonie, la visualisation d&rsquo;un possible projet de reconstruction.<\/p>\n<\/div><\/div>\n\n\n\n<div class=\"wp-block-media-text alignwide is-stacked-on-mobile is-image-fill has-accent-background-color has-background\"><figure class=\"wp-block-media-text__media\" style=\"background-image:url(https:\/\/colombes-orgue.org\/wp-content\/uploads\/2021\/01\/Clavier-4-768x1024.jpg);background-position:50% 50%\"><img loading=\"lazy\" decoding=\"async\" width=\"768\" height=\"1024\" src=\"https:\/\/colombes-orgue.org\/wp-content\/uploads\/2021\/01\/Clavier-4-768x1024.jpg\" alt=\"\" class=\"wp-image-67 size-full\" srcset=\"https:\/\/colombes-orgue.org\/wp-content\/uploads\/2021\/01\/Clavier-4-768x1024.jpg 768w, https:\/\/colombes-orgue.org\/wp-content\/uploads\/2021\/01\/Clavier-4-225x300.jpg 225w, https:\/\/colombes-orgue.org\/wp-content\/uploads\/2021\/01\/Clavier-4-1152x1536.jpg 1152w, https:\/\/colombes-orgue.org\/wp-content\/uploads\/2021\/01\/Clavier-4-1536x2048.jpg 1536w, https:\/\/colombes-orgue.org\/wp-content\/uploads\/2021\/01\/Clavier-4-1200x1600.jpg 1200w, https:\/\/colombes-orgue.org\/wp-content\/uploads\/2021\/01\/Clavier-4-1980x2640.jpg 1980w, https:\/\/colombes-orgue.org\/wp-content\/uploads\/2021\/01\/Clavier-4-scaled.jpg 1920w\" sizes=\"auto, (max-width: 768px) 100vw, 768px\" \/><\/figure><div class=\"wp-block-media-text__content\">\n<p class=\"has-text-align-center has-large-font-size\"><strong>DECOUVRIR L&rsquo;ORGUE DE SAINT-PIERRE SAINT-PAUL, SON HISTOIRE.<\/strong><\/p>\n\n\n\n<ul class=\"wp-block-list\"><li>L\u2019\u00e9glise Saint Pierre St Paul de Colombes date probablement du XII<sup>e<\/sup>&nbsp;si\u00e8cle, agrandie et modifi\u00e9e plusieurs fois au cours des XIII<sup>e<\/sup>&nbsp;et XVI<sup>e<\/sup>&nbsp;si\u00e8cles. Au XVII<sup>e<\/sup>&nbsp;si\u00e8cle, la partie occidentale de l\u2019\u00e9glise est supprim\u00e9e pour laisser passage \u00e0 la Route Nationale 186 (axe Gabriel P\u00e9ri &#8211; Bournard). Le clocher est remani\u00e9 en 1844 puis entre 1888 et 1892 ainsi qu\u2019une partie de l\u2019\u00e9glise&#8230;..<\/li><\/ul>\n\n\n\n<div class=\"wp-block-buttons is-layout-flex wp-block-buttons-is-layout-flex\">\n<div class=\"wp-block-button has-custom-width wp-block-button__width-100 is-style-outline is-style-outline--1\"><a class=\"wp-block-button__link has-accent-color has-subtle-background-background-color has-text-color has-background\" href=\"https:\/\/colombes-orgue.org\/?page_id=12\" style=\"border-radius:50px\">En savoir plus<\/a><\/div>\n<\/div>\n<\/div><\/div>\n\n\n\n<div class=\"wp-block-media-text alignwide is-stacked-on-mobile is-image-fill has-subtle-background-background-color has-background\"><figure class=\"wp-block-media-text__media\" style=\"background-image:url(https:\/\/colombes-orgue.org\/wp-content\/uploads\/2021\/04\/Soufflet1.jpg);background-position:50% 50%\"><img loading=\"lazy\" decoding=\"async\" width=\"895\" height=\"644\" src=\"https:\/\/colombes-orgue.org\/wp-content\/uploads\/2021\/04\/Soufflet1.jpg\" alt=\"\" class=\"wp-image-354 size-full\" srcset=\"https:\/\/colombes-orgue.org\/wp-content\/uploads\/2021\/04\/Soufflet1.jpg 895w, https:\/\/colombes-orgue.org\/wp-content\/uploads\/2021\/04\/Soufflet1-300x216.jpg 300w, https:\/\/colombes-orgue.org\/wp-content\/uploads\/2021\/04\/Soufflet1-768x553.jpg 768w\" sizes=\"auto, (max-width: 895px) 100vw, 895px\" \/><\/figure><div class=\"wp-block-media-text__content\">\n<p class=\"has-text-align-center has-larger-font-size\"><strong>UN INSTRUMENT TRES DEGRADE<\/strong><\/p>\n\n\n\n<p class=\"has-text-align-left\">L&rsquo;orgue est diminu\u00e9 dans ses capacit\u00e9s \u00e0 permettre une ex\u00e9cution normale et \u00e0 proposer une qualit\u00e9 sonore et musicale convenable parce que&nbsp;l\u2019orgue de l\u2019\u00e9glise Saint-Pierre Saint-Paul de Colombes est tr\u00e8s d\u00e9grad\u00e9&#8230;<strong>il est \u00e0 l&rsquo;agonie.&nbsp;<\/strong><\/p>\n\n\n\n<div class=\"wp-block-buttons is-layout-flex wp-block-buttons-is-layout-flex\">\n<div class=\"wp-block-button has-custom-width wp-block-button__width-100 is-style-outline is-style-outline--2\"><a class=\"wp-block-button__link has-background-color has-accent-background-color has-text-color has-background\" href=\"https:\/\/colombes-orgue.org\/?page_id=423(ouvre un nouvel onglet)\" style=\"border-radius:50px\">Les causes DE LA DEGRADATION<\/a><\/div>\n<\/div>\n\n\n\n<div class=\"wp-block-buttons is-layout-flex wp-block-buttons-is-layout-flex\">\n<div class=\"wp-block-button is-style-outline is-style-outline--3\"><a class=\"wp-block-button__link has-background-color has-accent-background-color has-text-color has-background\" href=\"https:\/\/colombes-orgue.org\/?page_id=190\" style=\"border-radius:50px\" target=\"_blank\" rel=\"noreferrer noopener\">Les principaux dysfonctionnements de l&rsquo;orgue<\/a><\/div>\n\n\n\n<div class=\"wp-block-button is-style-outline is-style-outline--4\"><a class=\"wp-block-button__link has-background-color has-accent-background-color has-text-color has-background\" href=\"https:\/\/colombes-orgue.org\/?page_id=120\" style=\"border-radius:50px\" target=\"_blank\" rel=\"noreferrer noopener\">Extraits sonores comparatifs avec d&rsquo;autres orgues<\/a><\/div>\n<\/div>\n<\/div><\/div>\n\n\n\n<div class=\"wp-block-media-text alignwide is-stacked-on-mobile has-accent-background-color has-background\"><figure class=\"wp-block-media-text__media\"><img loading=\"lazy\" decoding=\"async\" width=\"768\" height=\"1024\" src=\"https:\/\/colombes-orgue.org\/wp-content\/uploads\/2021\/01\/Tuyau-7-768x1024.jpg\" alt=\"\" class=\"wp-image-85 size-full\"\/><\/figure><div class=\"wp-block-media-text__content\">\n<p class=\"has-text-align-center has-larger-font-size\"><strong>LES ATOUTS DE L&rsquo;ORGUE<\/strong><\/p>\n\n\n\n<p>La tuyauterie est issue des ateliers de la maison Cavaill\u00e9-Coll, le plus important constructeur d\u2019orgues de la fin du XIX<sup>e<\/sup>, elle est de tr\u00e8s bonne qualit\u00e9. Les tuyaux sont bien conserv\u00e9s.<\/p>\n<\/div><\/div>\n\n\n\n<div class=\"wp-block-buttons is-horizontal is-content-justification-center is-layout-flex wp-container-core-buttons-is-layout-499968f5 wp-block-buttons-is-layout-flex\">\n<div class=\"wp-block-button has-custom-width wp-block-button__width-50 is-style-outline is-style-outline--5\"><a class=\"wp-block-button__link has-subtle-background-background-color has-background\" href=\"https:\/\/colombes-orgue.org\" style=\"border-radius:50px\">retour \u00e0 l&rsquo;accueil<\/a><\/div>\n<\/div>\n\n\n\n<p><\/p>\n\n\n\n<div class=\"wp-block-group\"><div class=\"wp-block-group__inner-container is-layout-flow wp-block-group-is-layout-flow\"><\/div><\/div>\n","protected":false},"excerpt":{"rendered":"<p>D\u00e9couvrez en quelques minutes l&rsquo;orgue de l&rsquo;\u00e9glise SAINT-PIERRE SAINT-PAUL Un bel orgue \u00e0 l&rsquo;agonie, la visualisation d&rsquo;un possible projet de reconstruction. LES ATOUTS DE L&rsquo;ORGUE La tuyauterie est issue des ateliers de la maison Cavaill\u00e9-Coll, le plus important constructeur d\u2019orgues de la fin du XIXe, elle est de tr\u00e8s bonne qualit\u00e9. Les tuyaux sont bien [&hellip;]<\/p>\n","protected":false},"author":2,"featured_media":0,"parent":0,"menu_order":0,"comment_status":"closed","ping_status":"closed","template":"templates\/template-full-width.php","meta":{"footnotes":""},"class_list":["post-447","page","type-page","status-publish","hentry"],"_links":{"self":[{"href":"https:\/\/colombes-orgue.org\/index.php?rest_route=\/wp\/v2\/pages\/447","targetHints":{"allow":["GET"]}}],"collection":[{"href":"https:\/\/colombes-orgue.org\/index.php?rest_route=\/wp\/v2\/pages"}],"about":[{"href":"https:\/\/colombes-orgue.org\/index.php?rest_route=\/wp\/v2\/types\/page"}],"author":[{"embeddable":true,"href":"https:\/\/colombes-orgue.org\/index.php?rest_route=\/wp\/v2\/users\/2"}],"replies":[{"embeddable":true,"href":"https:\/\/colombes-orgue.org\/index.php?rest_route=%2Fwp%2Fv2%2Fcomments&post=447"}],"version-history":[{"count":30,"href":"https:\/\/colombes-orgue.org\/index.php?rest_route=\/wp\/v2\/pages\/447\/revisions"}],"predecessor-version":[{"id":1058,"href":"https:\/\/colombes-orgue.org\/index.php?rest_route=\/wp\/v2\/pages\/447\/revisions\/1058"}],"wp:attachment":[{"href":"https:\/\/colombes-orgue.org\/index.php?rest_route=%2Fwp%2Fv2%2Fmedia&parent=447"}],"curies":[{"name":"wp","href":"https:\/\/api.w.org\/{rel}","templated":true}]}}

<div class="wp-block-media-text alignwide is-stacked-on-mobile has-primary-color has-subtle-background-background-color has-text-color has-background"><figure class="wp-block-media-text__media"><video controls src="https://colombes-orgue.org/wp-content/uploads/2022/06/ORGUEV5_low.mp4"></video></figure><div class="wp-block-media-text__content">
<p class="has-text-align-center has-large-font-size">Découvrez en quelques minutes </p>



<p class="has-text-align-center has-large-font-size">l&rsquo;orgue de l&rsquo;église </p>



<p class="has-text-align-center has-large-font-size">SAINT-PIERRE SAINT-PAUL</p>



<p class="has-text-align-center">Un bel orgue à l&rsquo;agonie, la visualisation d&rsquo;un possible projet de reconstruction.</p>
</div></div>



<div class="wp-block-media-text alignwide is-stacked-on-mobile is-image-fill has-accent-background-color has-background"><figure class="wp-block-media-text__media" style="background-image:url(https://colombes-orgue.org/wp-content/uploads/2021/01/Clavier-4-768x1024.jpg);background-position:50% 50%"><img loading="lazy" decoding="async" width="768" height="1024" src="https://colombes-orgue.org/wp-content/uploads/2021/01/Clavier-4-768x1024.jpg" alt="" class="wp-image-67 size-full" srcset="https://colombes-orgue.org/wp-content/uploads/2021/01/Clavier-4-768x1024.jpg 768w, https://colombes-orgue.org/wp-content/uploads/2021/01/Clavier-4-225x300.jpg 225w, https://colombes-orgue.org/wp-content/uploads/2021/01/Clavier-4-1152x1536.jpg 1152w, https://colombes-orgue.org/wp-content/uploads/2021/01/Clavier-4-1536x2048.jpg 1536w, https://colombes-orgue.org/wp-content/uploads/2021/01/Clavier-4-1200x1600.jpg 1200w, https://colombes-orgue.org/wp-content/uploads/2021/01/Clavier-4-1980x2640.jpg 1980w, https://colombes-orgue.org/wp-content/uploads/2021/01/Clavier-4-scaled.jpg 1920w" sizes="auto, (max-width: 768px) 100vw, 768px" /></figure><div class="wp-block-media-text__content">
<p class="has-text-align-center has-large-font-size"><strong>DECOUVRIR L&rsquo;ORGUE DE SAINT-PIERRE SAINT-PAUL, SON HISTOIRE.</strong></p>



<ul class="wp-block-list"><li>L’église Saint Pierre St Paul de Colombes date probablement du XII<sup>e</sup>&nbsp;siècle, agrandie et modifiée plusieurs fois au cours des XIII<sup>e</sup>&nbsp;et XVI<sup>e</sup>&nbsp;siècles. Au XVII<sup>e</sup>&nbsp;siècle, la partie occidentale de l’église est supprimée pour laisser passage à la Route Nationale 186 (axe Gabriel Péri &#8211; Bournard). Le clocher est remanié en 1844 puis entre 1888 et 1892 ainsi qu’une partie de l’église&#8230;..</li></ul>



<div class="wp-block-buttons is-layout-flex wp-block-buttons-is-layout-flex">
<div class="wp-block-button has-custom-width wp-block-button__width-100 is-style-outline is-style-outline--1"><a class="wp-block-button__link has-accent-color has-subtle-background-background-color has-text-color has-background" href="https://colombes-orgue.org/?page_id=12" style="border-radius:50px">En savoir plus</a></div>
</div>
</div></div>



<div class="wp-block-media-text alignwide is-stacked-on-mobile is-image-fill has-subtle-background-background-color has-background"><figure class="wp-block-media-text__media" style="background-image:url(https://colombes-orgue.org/wp-content/uploads/2021/04/Soufflet1.jpg);background-position:50% 50%"><img loading="lazy" decoding="async" width="895" height="644" src="https://colombes-orgue.org/wp-content/uploads/2021/04/Soufflet1.jpg" alt="" class="wp-image-354 size-full" srcset="https://colombes-orgue.org/wp-content/uploads/2021/04/Soufflet1.jpg 895w, https://colombes-orgue.org/wp-content/uploads/2021/04/Soufflet1-300x216.jpg 300w, https://colombes-orgue.org/wp-content/uploads/2021/04/Soufflet1-768x553.jpg 768w" sizes="auto, (max-width: 895px) 100vw, 895px" /></figure><div class="wp-block-media-text__content">
<p class="has-text-align-center has-larger-font-size"><strong>UN INSTRUMENT TRES DEGRADE</strong></p>



<p class="has-text-align-left">L&rsquo;orgue est diminué dans ses capacités à permettre une exécution normale et à proposer une qualité sonore et musicale convenable parce que&nbsp;l’orgue de l’église Saint-Pierre Saint-Paul de Colombes est très dégradé&#8230;<strong>il est à l&rsquo;agonie.&nbsp;</strong></p>



<div class="wp-block-buttons is-layout-flex wp-block-buttons-is-layout-flex">
<div class="wp-block-button has-custom-width wp-block-button__width-100 is-style-outline is-style-outline--2"><a class="wp-block-button__link has-background-color has-accent-background-color has-text-color has-background" href="https://colombes-orgue.org/?page_id=423(ouvre un nouvel onglet)" style="border-radius:50px">Les causes DE LA DEGRADATION</a></div>
</div>



<div class="wp-block-buttons is-layout-flex wp-block-buttons-is-layout-flex">
<div class="wp-block-button is-style-outline is-style-outline--3"><a class="wp-block-button__link has-background-color has-accent-background-color has-text-color has-background" href="https://colombes-orgue.org/?page_id=190" style="border-radius:50px" target="_blank" rel="noreferrer noopener">Les principaux dysfonctionnements de l&rsquo;orgue</a></div>



<div class="wp-block-button is-style-outline is-style-outline--4"><a class="wp-block-button__link has-background-color has-accent-background-color has-text-color has-background" href="https://colombes-orgue.org/?page_id=120" style="border-radius:50px" target="_blank" rel="noreferrer noopener">Extraits sonores comparatifs avec d&rsquo;autres orgues</a></div>
</div>
</div></div>



<div class="wp-block-media-text alignwide is-stacked-on-mobile has-accent-background-color has-background"><figure class="wp-block-media-text__media"><img loading="lazy" decoding="async" width="768" height="1024" src="https://colombes-orgue.org/wp-content/uploads/2021/01/Tuyau-7-768x1024.jpg" alt="" class="wp-image-85 size-full"/></figure><div class="wp-block-media-text__content">
<p class="has-text-align-center has-larger-font-size"><strong>LES ATOUTS DE L&rsquo;ORGUE</strong></p>



<p>La tuyauterie est issue des ateliers de la maison Cavaillé-Coll, le plus important constructeur d’orgues de la fin du XIX<sup>e</sup>, elle est de très bonne qualité. Les tuyaux sont bien conservés.</p>
</div></div>



<div class="wp-block-buttons is-horizontal is-content-justification-center is-layout-flex wp-container-core-buttons-is-layout-499968f5 wp-block-buttons-is-layout-flex">
<div class="wp-block-button has-custom-width wp-block-button__width-50 is-style-outline is-style-outline--5"><a class="wp-block-button__link has-subtle-background-background-color has-background" href="https://colombes-orgue.org" style="border-radius:50px">retour à l&rsquo;accueil</a></div>
</div>



<p></p>



<div class="wp-block-group"><div class="wp-block-group__inner-container is-layout-flow wp-block-group-is-layout-flow"></div></div>

<p>Découvrez en quelques minutes l&rsquo;orgue de l&rsquo;église SAINT-PIERRE SAINT-PAUL Un bel orgue à l&rsquo;agonie, la visualisation d&rsquo;un possible projet de reconstruction. LES ATOUTS DE L&rsquo;ORGUE La tuyauterie est issue des ateliers de la maison Cavaillé-Coll, le plus important constructeur d’orgues de la fin du XIXe, elle est de très bonne qualité. Les tuyaux sont bien [&hellip;]</p>
